{"id":164,"date":"2023-02-17T08:11:01","date_gmt":"2023-02-17T11:11:01","guid":{"rendered":"https:\/\/clinicakodama.com.br\/novo\/?page_id=164"},"modified":"2023-03-07T09:45:07","modified_gmt":"2023-03-07T12:45:07","slug":"polipo-de-vesicula","status":"publish","type":"page","link":"https:\/\/clinicakodama.com.br\/novo\/doencas-atendidas\/polipo-de-vesicula\/","title":{"rendered":"P\u00f3lipo de Ves\u00edcula"},"content":{"rendered":"\t\t<div data-elementor-type=\"wp-page\" data-elementor-id=\"164\" class=\"elementor elementor-164\">\n\t\t\t\t\t\t<section class=\"elementor-section elementor-top-section elementor-element elementor-element-3702d51 elementor-section-height-min-height elementor-section-boxed elementor-section-height-default elementor-section-items-middle\" data-id=\"3702d51\" data-element_type=\"section\" data-e-type=\"section\" data-settings=\"{&quot;background_background&quot;:&quot;classic&quot;}\">\n\t\t\t\t\t\t<div class=\"elementor-container elementor-column-gap-default\">\n\t\t\t\t\t<div class=\"elementor-column elementor-col-50 elementor-top-column elementor-element elementor-element-fe49bcd\" data-id=\"fe49bcd\" data-element_type=\"column\" data-e-type=\"column\">\n\t\t\t<div class=\"elementor-widget-wrap elementor-element-populated\">\n\t\t\t\t\t\t<div class=\"elementor-element elementor-element-396defe elementor-widget elementor-widget-heading\" data-id=\"396defe\" data-element_type=\"widget\" data-e-type=\"widget\" data-widget_type=\"heading.default\">\n\t\t\t\t<div class=\"elementor-widget-container\">\n\t\t\t\t\t<h5 class=\"elementor-heading-title elementor-size-default\"><a href=\"https:\/\/clinicakodama.com.br\/novo\/doencas-atendidas\/\">\u00bb Doen\u00e7as Atendidas<\/a><\/h5>\t\t\t\t<\/div>\n\t\t\t\t<\/div>\n\t\t\t\t\t<\/div>\n\t\t<\/div>\n\t\t\t\t<div class=\"elementor-column elementor-col-50 elementor-top-column elementor-element elementor-element-a06fd6c\" data-id=\"a06fd6c\" data-element_type=\"column\" data-e-type=\"column\">\n\t\t\t<div class=\"elementor-widget-wrap elementor-element-populated\">\n\t\t\t\t\t\t<div class=\"elementor-element elementor-element-a69e2a7 elementor-widget elementor-widget-heading\" data-id=\"a69e2a7\" data-element_type=\"widget\" data-e-type=\"widget\" data-widget_type=\"heading.default\">\n\t\t\t\t<div class=\"elementor-widget-container\">\n\t\t\t\t\t<h2 class=\"elementor-heading-title elementor-size-default\">P\u00f3lipo de Ves\u00edcula<\/h2>\t\t\t\t<\/div>\n\t\t\t\t<\/div>\n\t\t\t\t\t<\/div>\n\t\t<\/div>\n\t\t\t\t\t<\/div>\n\t\t<\/section>\n\t\t\t\t<section class=\"elementor-section elementor-top-section elementor-element elementor-element-a7e960c elementor-section-boxed elementor-section-height-default elementor-section-height-default\" data-id=\"a7e960c\" data-element_type=\"section\" data-e-type=\"section\">\n\t\t\t\t\t\t<div class=\"elementor-container elementor-column-gap-default\">\n\t\t\t\t\t<div class=\"elementor-column elementor-col-50 elementor-top-column elementor-element elementor-element-463ca17\" data-id=\"463ca17\" data-element_type=\"column\" data-e-type=\"column\">\n\t\t\t<div class=\"elementor-widget-wrap elementor-element-populated\">\n\t\t\t\t\t\t<div class=\"elementor-element elementor-element-cae42c5 elementor-widget elementor-widget-text-editor\" data-id=\"cae42c5\" data-element_type=\"widget\" data-e-type=\"widget\" data-widget_type=\"text-editor.default\">\n\t\t\t\t<div class=\"elementor-widget-container\">\n\t\t\t\t\t\t\t\t\t<p>P\u00f3lipo de ves\u00edcula biliar \u00e9 uma les\u00e3o que projeta-se para o interior da ves\u00edcula semelhante a uma verruga vulgar. O diagn\u00f3stico de p\u00f3lipo vesicular aumentou muito recentemente devido ao elevado uso da ultrassonografia abdominal.<\/p><p>Os p\u00f3lipos vesiculares podem tratar-se de les\u00f5es benignas (colesterol, inflamat\u00f3rios e adenomas) ou tumores malignos no seu est\u00e1gio inicial. O adenoma, apesar de ser um p\u00f3lipo benigno, pode ter um comportamento pr\u00e9-maligno. Esta \u00e9 uma les\u00e3o habitualmente solit\u00e1ria, pediculada e pode estar associada a lit\u00edase vesicular. Devido ao mau progn\u00f3stico do carcinoma da ves\u00edcula biliar, \u00e9 importante diferenciar entre um p\u00f3lipo benigno e um p\u00f3lipo maligno ou pr\u00e9-maligno, de forma a proporcionar um tratamento adequado precocemente.<\/p><p>P\u00f3lipos benignos podem ser acompanhados com a realiza\u00e7\u00e3o de exames de ultrasonografia peri\u00f3dicos. O tratamento cir\u00fargico definitivo dos p\u00f3lipos vesiculares \u00e9 a colecistectomia videolaparosc\u00f3pica (remo\u00e7\u00e3o da ves\u00edcula) estando sempre indicado na suspeita de les\u00f5es malignas ou com potencial de maligniza\u00e7\u00e3o. Para a indica\u00e7\u00e3o da cirurgia algumas caracter\u00edsticas do p\u00f3lipo s\u00e3o avaliadas:<\/p>\t\t\t\t\t\t\t\t<\/div>\n\t\t\t\t<\/div>\n\t\t\t\t\t<\/div>\n\t\t<\/div>\n\t\t\t\t<div class=\"elementor-column elementor-col-50 elementor-top-column elementor-element elementor-element-3683277\" data-id=\"3683277\" data-element_type=\"column\" data-e-type=\"column\">\n\t\t\t<div class=\"elementor-widget-wrap elementor-element-populated\">\n\t\t\t\t\t\t<div class=\"elementor-element elementor-element-17e7e7d elementor-widget elementor-widget-image\" data-id=\"17e7e7d\" data-element_type=\"widget\" data-e-type=\"widget\" data-widget_type=\"image.default\">\n\t\t\t\t<div class=\"elementor-widget-container\">\n\t\t\t\t\t\t\t\t\t\t\t\t\t\t\t<img fetchpriority=\"high\" decoding=\"async\" width=\"500\" height=\"500\" src=\"https:\/\/clinicakodama.com.br\/novo\/wp-content\/uploads\/2023\/02\/polipo_de_vesicula.jpg\" class=\"attachment-large size-large wp-image-169\" alt=\"\" srcset=\"https:\/\/clinicakodama.com.br\/novo\/wp-content\/uploads\/2023\/02\/polipo_de_vesicula.jpg 500w, https:\/\/clinicakodama.com.br\/novo\/wp-content\/uploads\/2023\/02\/polipo_de_vesicula-300x300.jpg 300w, https:\/\/clinicakodama.com.br\/novo\/wp-content\/uploads\/2023\/02\/polipo_de_vesicula-150x150.jpg 150w, https:\/\/clinicakodama.com.br\/novo\/wp-content\/uploads\/2023\/02\/elementor\/thumbs\/polipo_de_vesicula-q2ahvk72wmn2d192zwwyhd9q24o1jjkd9c8f9w5k9c.jpg 200w\" sizes=\"(max-width: 500px) 100vw, 500px\" \/>\t\t\t\t\t\t\t\t\t\t\t\t\t\t\t<\/div>\n\t\t\t\t<\/div>\n\t\t\t\t\t<\/div>\n\t\t<\/div>\n\t\t\t\t\t<\/div>\n\t\t<\/section>\n\t\t\t\t<section class=\"elementor-section elementor-top-section elementor-element elementor-element-9912468 elementor-section-boxed elementor-section-height-default elementor-section-height-default\" data-id=\"9912468\" data-element_type=\"section\" data-e-type=\"section\">\n\t\t\t\t\t\t<div class=\"elementor-container elementor-column-gap-default\">\n\t\t\t\t\t<div class=\"elementor-column elementor-col-100 elementor-top-column elementor-element elementor-element-9d725c1\" data-id=\"9d725c1\" data-element_type=\"column\" data-e-type=\"column\">\n\t\t\t<div class=\"elementor-widget-wrap elementor-element-populated\">\n\t\t\t\t\t\t<div class=\"elementor-element elementor-element-ac62021 elementor-widget elementor-widget-text-editor\" data-id=\"ac62021\" data-element_type=\"widget\" data-e-type=\"widget\" data-widget_type=\"text-editor.default\">\n\t\t\t\t<div class=\"elementor-widget-container\">\n\t\t\t\t\t\t\t\t\t<p>\u2013 cl\u00ednica relacionada com o p\u00f3lipo<\/p><p>\u2013 p\u00f3lipos de di\u00e2metro superior a 10 mm<\/p><p>\u2013 crescimento do p\u00f3lipo num curto espa\u00e7o de tempo<\/p><p>\u2013 p\u00f3lipo s\u00e9ssil ou base de inser\u00e7\u00e3o larga e com longo ped\u00edculo<\/p><p>\u2013 coexist\u00eancia de lit\u00edase vesicular (pedra na ves\u00edcula)<\/p><p>\u2013 altera\u00e7\u00f5es na parede da ves\u00edcula identificadas na ultrasonografia<\/p><p>\u2013 idade do paciente<\/p><p>\u2013 hist\u00f3rico de c\u00e2ncer do paciente e familiares<\/p>\t\t\t\t\t\t\t\t<\/div>\n\t\t\t\t<\/div>\n\t\t\t\t\t<\/div>\n\t\t<\/div>\n\t\t\t\t\t<\/div>\n\t\t<\/section>\n\t\t\t\t<section class=\"elementor-section elementor-top-section elementor-element elementor-element-f99b7d4 elementor-section-boxed elementor-section-height-default elementor-section-height-default\" data-id=\"f99b7d4\" data-element_type=\"section\" data-e-type=\"section\" data-settings=\"{&quot;background_background&quot;:&quot;classic&quot;}\">\n\t\t\t\t\t\t<div class=\"elementor-container elementor-column-gap-default\">\n\t\t\t\t\t<div class=\"elementor-column elementor-col-33 elementor-top-column elementor-element elementor-element-9f5c04b\" data-id=\"9f5c04b\" data-element_type=\"column\" data-e-type=\"column\">\n\t\t\t<div class=\"elementor-widget-wrap elementor-element-populated\">\n\t\t\t\t\t\t<div class=\"elementor-element elementor-element-83d21fc elementor-widget elementor-widget-heading\" data-id=\"83d21fc\" data-element_type=\"widget\" data-e-type=\"widget\" data-widget_type=\"heading.default\">\n\t\t\t\t<div class=\"elementor-widget-container\">\n\t\t\t\t\t<h2 class=\"elementor-heading-title elementor-size-default\">Consulte sempre um Especialista<\/h2>\t\t\t\t<\/div>\n\t\t\t\t<\/div>\n\t\t\t\t\t<\/div>\n\t\t<\/div>\n\t\t\t\t<div class=\"elementor-column elementor-col-33 elementor-top-column elementor-element elementor-element-a61b857\" data-id=\"a61b857\" data-element_type=\"column\" data-e-type=\"column\">\n\t\t\t<div class=\"elementor-widget-wrap elementor-element-populated\">\n\t\t\t\t\t\t<div class=\"elementor-element elementor-element-8e91215 elementor-widget elementor-widget-image\" data-id=\"8e91215\" data-element_type=\"widget\" data-e-type=\"widget\" data-widget_type=\"image.default\">\n\t\t\t\t<div class=\"elementor-widget-container\">\n\t\t\t\t\t\t\t\t\t\t\t\t\t\t\t<img decoding=\"async\" width=\"238\" height=\"180\" src=\"https:\/\/clinicakodama.com.br\/novo\/wp-content\/uploads\/2023\/02\/consulte_especialista3.gif\" class=\"attachment-large size-large wp-image-570\" alt=\"\" \/>\t\t\t\t\t\t\t\t\t\t\t\t\t\t\t<\/div>\n\t\t\t\t<\/div>\n\t\t\t\t\t<\/div>\n\t\t<\/div>\n\t\t\t\t<div class=\"elementor-column elementor-col-33 elementor-top-column elementor-element elementor-element-12f3fc7\" data-id=\"12f3fc7\" data-element_type=\"column\" data-e-type=\"column\">\n\t\t\t<div class=\"elementor-widget-wrap elementor-element-populated\">\n\t\t\t\t\t\t<div class=\"elementor-element elementor-element-ac924c6 elementor-align-right elementor-widget elementor-widget-button\" data-id=\"ac924c6\" data-element_type=\"widget\" data-e-type=\"widget\" data-widget_type=\"button.default\">\n\t\t\t\t<div class=\"elementor-widget-container\">\n\t\t\t\t\t\t\t\t\t<div class=\"elementor-button-wrapper\">\n\t\t\t\t\t<a class=\"elementor-button elementor-button-link elementor-size-lg\" href=\"https:\/\/clinicakodama.com.br\/novo\/contato\/\">\n\t\t\t\t\t\t<span class=\"elementor-button-content-wrapper\">\n\t\t\t\t\t\t\t\t\t<span class=\"elementor-button-text\">Agendar consulta<\/span>\n\t\t\t\t\t<\/span>\n\t\t\t\t\t<\/a>\n\t\t\t\t<\/div>\n\t\t\t\t\t\t\t\t<\/div>\n\t\t\t\t<\/div>\n\t\t\t\t\t<\/div>\n\t\t<\/div>\n\t\t\t\t\t<\/div>\n\t\t<\/section>\n\t\t\t\t<\/div>\n\t\t","protected":false},"excerpt":{"rendered":"<p>\u00bb Doen\u00e7as Atendidas P\u00f3lipo de Ves\u00edcula P\u00f3lipo de ves\u00edcula biliar \u00e9 uma les\u00e3o que projeta-se para o interior da ves\u00edcula semelhante a uma verruga vulgar. O diagn\u00f3stico de p\u00f3lipo vesicular aumentou muito recentemente devido ao elevado uso da ultrassonografia abdominal. Os p\u00f3lipos vesiculares podem tratar-se de les\u00f5es benignas (colesterol, inflamat\u00f3rios e adenomas) ou tumores malignos [&hellip;]<\/p>\n","protected":false},"author":1,"featured_media":0,"parent":19,"menu_order":0,"comment_status":"closed","ping_status":"closed","template":"","meta":{"footnotes":""},"class_list":["post-164","page","type-page","status-publish","hentry"],"_links":{"self":[{"href":"https:\/\/clinicakodama.com.br\/novo\/wp-json\/wp\/v2\/pages\/164","targetHints":{"allow":["GET"]}}],"collection":[{"href":"https:\/\/clinicakodama.com.br\/novo\/wp-json\/wp\/v2\/pages"}],"about":[{"href":"https:\/\/clinicakodama.com.br\/novo\/wp-json\/wp\/v2\/types\/page"}],"author":[{"embeddable":true,"href":"https:\/\/clinicakodama.com.br\/novo\/wp-json\/wp\/v2\/users\/1"}],"replies":[{"embeddable":true,"href":"https:\/\/clinicakodama.com.br\/novo\/wp-json\/wp\/v2\/comments?post=164"}],"version-history":[{"count":22,"href":"https:\/\/clinicakodama.com.br\/novo\/wp-json\/wp\/v2\/pages\/164\/revisions"}],"predecessor-version":[{"id":890,"href":"https:\/\/clinicakodama.com.br\/novo\/wp-json\/wp\/v2\/pages\/164\/revisions\/890"}],"up":[{"embeddable":true,"href":"https:\/\/clinicakodama.com.br\/novo\/wp-json\/wp\/v2\/pages\/19"}],"wp:attachment":[{"href":"https:\/\/clinicakodama.com.br\/novo\/wp-json\/wp\/v2\/media?parent=164"}],"curies":[{"name":"wp","href":"https:\/\/api.w.org\/{rel}","templated":true}]}}